s of 1408?
2, 11
What are the prime factors of 2864?
2, 179
List the prime factors of 614.
2, 307
List the prime factors of 571.
571
List the prime factors of 160.
2, 5
What are the prime factors of 5920?
2, 5, 37
What are the prime factors of 20273?
11, 19, 97
What are the prime factors of 1661?
11, 151
What are the prime factors of 7110?
2, 3, 5, 79
List the prime factors of 1834.
2, 7, 131
List the prime factors of 110.
2, 5, 11
What are the prime factors of 90695?
5, 11, 17, 97
List the prime factors of 3222.
2, 3, 179
List the prime factors of 26229.
3, 7, 1249
What are the prime factors of 1682?
2, 29
What are the prime factors of 1601?
1601
List the prime factors of 133760.
2, 5, 11, 19
List the prime factors of 37.
37
List the prime factors of 2216.
2, 277
List the prime factors of 726.
2, 3, 11
List the prime factors of 3981.
3, 1327
What are the prime factors of 24322?
2, 12161
List the prime factors of 1303.
1303
What are the prime factors of 48829?
11, 23, 193
List the prime factors of 209.
11, 19
What are the prime factors of 1795?
5, 359
List the prime factors of 18594.
2, 3, 1033
List the prime factors of 7293.
3, 11, 13, 17
What are the prime factors of 37842?
2, 3, 7, 17, 53
List the prime factors of 9070.
2, 5, 907
What are the prime factors of 196?
2, 7
List the prime factors of 1813.
7, 37
What are the prime factors of 298?
2, 149
What are the prime factors of 16583?
7, 23, 103
List the prime factors of 44.
2, 11
List the prime factors of 544.
2, 17
What are the prime factors of 594?
2, 3, 11
What are the prime factors of 1863?
3, 23
What are the prime factors of 1211?
7, 173
What are the prime factors of 19244?
2, 17, 283
List the prime factors of 502.
2, 251
List the prime factors of 1180.
2, 5, 59
What are the prime factors of 56022?
2, 3, 9337
List the prime factors of 19875.
3, 5, 53
What are the prime factors of 24943?
24943
What are the prime factors of 153637?
11, 13967
What are the prime factors of 2025?
3, 5
List the prime factors of 26811.
3, 331
What are the prime factors of 11440?
2, 5, 11, 13
What are the prime factors of 413?
7, 59
List the prime factors of 9938.
2, 4969
What are the prime factors of 84620?
2, 5, 4231
List the prime factors of 55360.
2, 5, 173
List the prime factors of 18716.
2, 4679
What are the prime factors of 13097?
7, 1871
What are the prime factors of 1001?
7, 11, 13
List the prime factors of 1682.
2, 29
List the prime factors of 14123.
29, 487
What are the prime factors of 28284?
2, 3, 2357
List the prime factors of 132144.
2, 3, 2753
What are the prime factors of 3447?
3, 383
List the prime factors of 65638.
2, 37, 887
List the prime factors of 1059.
3, 353
What are the prime factors of 1983?
3, 661
List the prime factors of 47129.
47129
List the prime factors of 10401.
3, 3467
List the prime factors of 79572.
2, 3, 19, 349
What are the prime factors of 2847?
3, 13, 73
What are the prime factors of 172486?
2, 86243
List the prime factors of 4760.
2, 5, 7, 17
What are the prime factors of 1199?
11, 109
List the prime factors of 143779.
143779
What are the prime factors of 17023?
29, 587
What are the prime factors of 377?
13, 29
List the prime factors of 5072.
2, 317
List the prime factors of 7391.
19, 389
What are the prime factors of 7201?
19, 379
What are the prime factors of 219?
3, 73
List the prime factors of 28330.
2, 5, 2833
What are the prime factors of 13609?
31, 439
List the prime factors of 16116.
2, 3, 17, 79
List the prime factors of 1302.
2, 3, 7, 31
List the prime factors of 3369.
3, 1123
What are the prime factors of 87674?
2, 59, 743
List the prime factors of 4742.
2, 2371
What are the prime factors of 19736?
2, 2467
List the prime factors of 34560.
2, 3, 5
List the prime factors of 38335.
5, 11, 17, 41
What are the prime factors of 16628?
2, 4157
What are the prime factors of 96718?
2, 37, 1307
What are the prime factors of 11295?
3, 5, 251
List the prime factors of 2590.
2, 5, 7, 37
List the prime factors of 15098.
2, 7549
List the prime factors of 1094.
2, 547
List the prime factors of 9131.
23, 397
List the prime factors of 2013.
3, 11, 61
What are the prime factors of 146626?
2, 167, 439
What are the prime factors of 5099?
5099
What are the prime factors of 66256?
2, 41, 101
List the prime factors of 6288.
2, 3, 131
What are the prime factors of 436?
2, 109
List the prime factors of 23511.
3, 17, 461
What are the prime factors of 28513?
28513
What are the prime factors of 3924?
2, 3, 109
List the prime factors of 2810.
2, 5, 281
What are the prime factors of 860?
2, 5, 43
What are the prime factors of 1721?
1721
List the prime factors of 6818.
2, 7, 487
List the prime factors of 200.
2, 5
List the prime factors of 52179.
3, 17393
What are the prime factors of 864?
2, 3
List the prime factors of 5136.
2, 3, 107
List the prime factors of 15538.
2, 17, 457
What are the prime factors of 3095?
5, 619
List the prime factors of 450.
2, 3, 5
List the prime factors of 19882.
2, 9941
What are the prime factors of 38402?
2, 7, 13, 211
List the prime factors of 20317.
11, 1847
What are the prime factors of 14690?
2, 5, 13, 113
What are the prime factors of 304?
2, 19
What are the prime factors of 1812?
2, 3, 151
What are the prime factors of 22582?
2, 7, 1613
List the prime factors of 19636.
2, 4909
List the prime factors of 3766.
2, 7, 269
What are the prime factors of 141972?
2, 3, 11831
List the prime factors of 562.
2, 281
List the prime factors of 4400.
2, 5, 11
List the prime factors of 601.
601
What are the prime factors of 1824?
2, 3, 19
What are the prime factors of 67291?
7, 9613
List the prime factors of 50044.
2, 12511
What are the prime factors of 7711?
11, 701
List the prime factors of 187.
11, 17
List the prime factors of 27106.
2, 13553
List the prime factors of 1724.
2, 431
What are the prime factors of 71?
71
What are the prime factors of 604?
2, 151
What are the prime factors of 16920?
2, 3, 5, 47
List the prime factors of 10375.
5, 83
List the prime factors of 97712.
2, 31, 197
List the prime factors of 496.
2, 31
List the prime factors of 101419.
101419
List the prime factors of 908.
2, 227
List the prime factors of 48.
2, 3
List the prime factors of 137959.
19, 53, 137
List the prime factors of 11754.
2, 3, 653
List the prime factors of 9296.
2, 7, 83
What are the prime factors of 133514?
2, 241, 277
List the prime factors of 4151.
7, 593
What are the prime factors of 5940?
2, 3, 5, 11
List the prime factors of 1851.
3, 617
List the prime factors of 11434.
2, 5717
What are the prime factors of 333?
3, 37
What are the prime factors of 181611?
3, 17, 1187
List the prime factors of 1038.
2, 3, 173
What are the prime factors of 445?
5, 89
List the prime factors of 1122.
2, 3, 11, 17
What are the prime factors of 3514?
2, 7, 251
List the prime factors of 15718.
2, 29, 271
What are the prime factors of 1729?
7, 13, 19
What are the prime factors of 131?
131
What are the prime factors of 701?
701
What are the prime factors of 25006?
2, 12503
What are the prime factors of 63710?
2, 5, 23, 277
What are the prime factors of 214?
2, 107
What are the prime factors of 508?
2, 127
What are the prime factors of 15690?
2, 3, 5, 523
List the prime factors of 2347.
2347
What are the prime factors of 15?
3, 5
What are the prime factors of 57895?
5, 11579
List the prime factors of 63.
3, 7
What are the prime factors of 16068?
2, 3, 13, 103
List the prime factors of 126111.
3, 127, 331
List the prime factors of 51512.
2, 47, 137
List the prime factors of 866.
2, 433
List the prime factors of 27047.
17, 37, 43
What are the prime factors of 1640?
2, 5, 41
What are the prime factors of 115608?
2, 3, 4817
What are the prime factors of 8329?
8329
List the prime factors of 227.
227
What are the prime factors of 7722?
2, 3, 11, 13
List the prime factors of 1249.
1249
What are the prime factors of 1610?
2, 5, 7, 23
List the prime factors of 668.
2, 167
What are the prime factors of 3281?
17, 193
What are the prime factors of 3889?
3889
What are the prime factors of 2790?
2, 3, 5, 31
List the prime factors of 1052.
2, 263
What are the prime factors of 619?
619
List the prime factors of 270.
2, 3, 5
What are the prime factors of 19526?
2, 13, 751
What are the prime factors of 5342